3119
List the prime factors of 941113.
503, 1871
What are the prime factors of 3773624?
2, 471703
List the prime factors of 9351393.
3, 197, 15823
What are the prime factors of 1499654?
2, 13, 57679
What are the prime factors of 133988?
2, 19, 41, 43
What are the prime factors of 12781455?
3, 5, 31, 27487
What are the prime factors of 24737?
29, 853
What are the prime factors of 8878315?
5, 1775663
List the prime factors of 7158302.
2, 29, 123419
List the prime factors of 5297129.
5297129
List the prime factors of 4819723.
433, 11131
What are the prime factors of 14257345?
5, 2851469
List the prime factors of 802082.
2, 29, 13829
What are the prime factors of 1356938?
2, 11, 37, 1667
List the prime factors of 8128127.
7, 41, 127, 223
What are the prime factors of 67054?
2, 13, 2579
What are the prime factors of 203209?
203209
What are the prime factors of 205446?
2, 3, 97, 353
What are the prime factors of 3350360?
2, 5, 13, 17, 379
What are the prime factors of 419111?
7, 11, 5443
List the prime factors of 1774929.
3, 13, 71, 641
List the prime factors of 8012656.
2, 500791
What are the prime factors of 8200137?
3, 11, 17, 47, 311
What are the prime factors of 6947679?
3, 17, 23, 5923
List the prime factors of 2498907.
3, 832969
List the prime factors of 648178.
2, 324089
List the prime factors of 5476663.
5476663
List the prime factors of 2397007.
2397007
List the prime factors of 458512.
2, 28657
List the prime factors of 6636254.
2, 257, 12911
List the prime factors of 1557456.
2, 3, 71, 457
List the prime factors of 4017889.
47, 85487
What are the prime factors of 1722125?
5, 23, 599
List the prime factors of 2341112.
2, 29, 10091
List the prime factors of 450811.
450811
List the prime factors of 7375762.
2, 19, 67, 2897
What are the prime factors of 458771?
149, 3079
List the prime factors of 442150.
2, 5, 37, 239
What are the prime factors of 1161261?
3, 19, 6791
List the prime factors of 3642524.
2, 910631
List the prime factors of 7106978.
2, 313, 11353
List the prime factors of 660910.
2, 5, 29, 43, 53
List the prime factors of 509142.
2, 3, 84857
List the prime factors of 3130050.
2, 3, 5, 7, 11, 271
List the prime factors of 626725.
5, 11, 43, 53
What are the prime factors of 176707?
83, 2129
What are the prime factors of 221090?
2, 5, 22109
List the prime factors of 1495260.
2, 3, 5, 13, 71
List the prime factors of 356254.
2, 178127
What are the prime factors of 435802?
2, 217901
List the prime factors of 223637.
223637
What are the prime factors of 2194767?
3, 243863
What are the prime factors of 1780507?
41, 43427
What are the prime factors of 7009339?
67, 233, 449
What are the prime factors of 178830?
2, 3, 5, 1987
List the prime factors of 3174030.
2, 3, 5, 35267
What are the prime factors of 23149462?
2, 7, 236219
List the prime factors of 1370482.
2, 29, 23629
List the prime factors of 3291313.
19, 311, 557
List the prime factors of 364177.
11, 33107
What are the prime factors of 3074428?
2, 7, 19, 5779
What are the prime factors of 77541?
3, 25847
What are the prime factors of 90772?
2, 11, 2063
What are the prime factors of 1153683?
3, 14243
List the prime factors of 128209.
29, 4421
What are the prime factors of 651007?
7, 93001
What are the prime factors of 182422?
2, 197, 463
What are the prime factors of 7050270?
2, 3, 5, 235009
What are the prime factors of 9049317?
3, 139, 21701
List the prime factors of 378469.
7, 13, 4159
List the prime factors of 258854.
2, 29, 4463
What are the prime factors of 1038600?
2, 3, 5, 577
List the prime factors of 3271829.
11, 297439
List the prime factors of 484360.
2, 5, 12109
List the prime factors of 71655.
3, 5, 17, 281
List the prime factors of 1538387.
67, 22961
What are the prime factors of 467502?
2, 3, 7, 11131
List the prime factors of 22879.
137, 167
What are the prime factors of 49378?
2, 7, 3527
What are the prime factors of 1340383?
11, 121853
List the prime factors of 393140.
2, 5, 11, 1787
What are the prime factors of 782986?
2, 17, 23029
List the prime factors of 27580.
2, 5, 7, 197
List the prime factors of 4770.
2, 3, 5, 53
What are the prime factors of 192091?
192091
What are the prime factors of 1891670?
2, 5, 11, 29, 593
List the prime factors of 2193715.
5, 31, 14153
What are the prime factors of 436935?
3, 5, 29129
List the prime factors of 4279161.
3, 19, 37, 2029
List the prime factors of 13746.
2, 3, 29, 79
List the prime factors of 2934876.
2, 3, 7, 34939
What are the prime factors of 4023290?
2, 5, 402329
What are the prime factors of 166793?
11, 59, 257
List the prime factors of 8555246.
2, 7, 449, 1361
What are the prime factors of 1150841?
727, 1583
What are the prime factors of 738714?
2, 3, 23, 53, 101
List the prime factors of 1064660.
2, 5, 53233
What are the prime factors of 213340?
2, 5, 10667
What are the prime factors of 10320?
2, 3, 5, 43
What are the prime factors of 2628253?
131, 20063
List the prime factors of 1362706.
2, 467, 1459
What are the prime factors of 2709609?
3, 7, 19, 6791
List the prime factors of 3347571.
3, 1115857
List the prime factors of 1497048.
2, 3, 7, 19, 67
List the prime factors of 17298325.
5, 11, 62903
What are the prime factors of 105701?
105701
List the prime factors of 8078806.
2, 71, 56893
List the prime factors of 42679.
7, 13, 67
List the prime factors of 553543.
553543
List the prime factors of 259032.
2, 3, 43, 251
List the prime factors of 959376.
2, 3, 11, 23, 79
List the prime factors of 60231.
3, 17, 1181
What are the prime factors of 1252919?
41, 30559
List the prime factors of 1403112.
2, 3, 17, 19, 181
What are the prime factors of 6940769?
11, 107, 5897
List the prime factors of 4820336.
2, 73, 4127
List the prime factors of 951537.
3, 317179
What are the prime factors of 720189?
3, 80021
What are the prime factors of 2155809?
3, 718603
What are the prime factors of 145917?
3, 31, 523
List the prime factors of 215624.
2, 26953
What are the prime factors of 94915?
5, 41, 463
List the prime factors of 378287.
7, 13, 4157
What are the prime factors of 13433170?
2, 5, 1343317
What are the prime factors of 1088414?
2, 373, 1459
List the prime factors of 9565971.
3, 3188657
List the prime factors of 102031.
102031
List the prime factors of 5964756.
2, 3, 7, 17, 4177
What are the prime factors of 13342447?
67, 97, 2053
What are the prime factors of 6952268?
2, 1738067
What are the prime factors of 18969527?
18969527
List the prime factors of 205582.
2, 13, 7907
List the prime factors of 7777155.
3, 5, 79, 6563
List the prime factors of 22394977.
11, 19, 83, 1291
List the prime factors of 29933866.
2, 14966933
List the prime factors of 22787052.
2, 3, 1898921
What are the prime factors of 8918561?
8918561
What are the prime factors of 276243?
3, 11, 761
List the prime factors of 1039404.
2, 3, 37, 2341
List the prime factors of 436058.
2, 7, 31147
What are the prime factors of 690998?
2, 7, 11, 641
What are the prime factors of 450434?
2, 225217
List the prime factors of 179882.
2, 53, 1697
List the prime factors of 1516450.
2, 5, 13, 2333
What are the prime factors of 12826053?
3, 53, 8963
What are the prime factors of 629956?
2, 157489
List the prime factors of 1418040.
2, 3, 5, 13, 101
What are the prime factors of 6966714?
2, 3, 103, 11273
What are the prime factors of 650709?
3, 17, 4253
What are the prime factors of 4903344?
2, 3, 17, 2003
List the prime factors of 290513.
17, 23, 743
What are the prime factors of 484613?
484613
What are the prime factors of 1977393?
3, 11, 59921
What are the prime factors of 3274223?
67, 48869
List the prime factors of 739198.
2, 61, 73, 83
List the prime factors of 13428350.
2, 5, 13, 73, 283
What are the prime factors of 5285675?
5, 211427
List the prime factors of 5846028.
2, 3, 17, 28657
What are the prime factors of 478874?
2, 11, 21767
What are the prime factors of 287709?
3, 29, 3307
What are the prime factors of 234172?
2, 58543
What are the prime factors of 560665?
5, 7, 83, 193
What are the prime factors of 265763?
31, 8573
What are the prime factors of 2416703?
17, 142159
What are the prime factors of 187374?
2, 3, 11, 17, 167
What are the prime factors of 957391?
19, 41, 1229
What are the prime factors of 1090294?
2, 433, 1259
What are the prime fac